+ y + 4207. Let g = v + -107. What is the tens digit of g?
4
Suppose 3*f = -3*c - 3, -f - 21 = -c - 16. What is the tens digit of 154/(-11)*c/14*-174?
4
Let c(i) = 214*i**2 - 26*i - 52. Suppose 21 = 18*y + 57. What is the tens digit of c(y)?
5
Let h(n) = 26*n**2 - 119*n + 18. What is the tens digit of h(9)?
5
Suppose -t + 5*i - 3 + 12 = 0, -2*t + 5 = 3*i. Suppose -4*z - 2*m + 46 = 0, -56 = -z - 3*z - t*m. Suppose -2*g = -z*g + 469. What is the tens digit of g?
6
Let d(n) be the second derivative of 0 + 40*n + n**2 + 35/4*n**4 - 1/3*n**3. What is the tens digit of d(1)?
0
Let f(o) = 3*o**2 + 115*o + 276. What is the units digit of f(-52)?
8
Let i be (-22)/55 + (-104)/(-10). Suppose -22 - i = 4*w. Let c(d) = -12*d - 25. What is the units digit of c(w)?
1
Suppose -10*j + 12*j - 10900 = 0. What is the hundreds digit of j?
4
Suppose 0 = 30*r - 53 - 37. Suppose -d = -0*d - 2*s - 360, -360 = -d + r*s. What is the tens digit of d?
6
Let y = 183 + -179. Suppose -y*m = -3*c - 3828 - 2162, 0 = 4*m + 4*c - 5976. What is the tens digit of m?
9
Let m be 49/(-105)*-9*5. What is the tens digit of (-14)/49 + (-3 - (-1581)/m)?
7
Let u = -40 + 39. Let b be u - 2 - (-1 + 4 + -3). What is the units digit of (-30)/(-20)*(-68)/b?
4
Suppose 42*a - 95 = 31. Suppose 0 = 3*q + 3, -3*m - 2*q - a*q = -3355. What is the hundreds digit of m?
1
Let l = -74 + 88. Suppose l*j + 2152 = 22*j. What is the hundreds digit of j?
2
Suppose -12 = -67*v + 63*v. Suppose 3*t - 11 + 4 = -2*p, 3*p + 27 = v*t. Let a = t - -10. What is the units digit of a?
5
Suppose -3 = x, 5*c - c - 3*x - 41 = 0. Suppose 2*m = 12 - c. Suppose m*t + t = 402. What is the tens digit of t?
3
Let o = -144 - -225. Suppose 0 = -83*v - 4204 + 1465. Let i = o + v. What is the units digit of i?
8
What is the units digit of 27/12*(-453244)/(-33)?
3
Let b be (-7766)/66*(-2 + -1). What is the units digit of b/(-7*7/(-147))?
9
Suppose -y = -22*h + 19*h + 9887, 2*h + 2*y = 6594. Suppose 14*t - 3704 = h. What is the hundreds digit of t?
5
Let f(m) = -m**3 + 8*m**2 - 7*m - 11. What is the hundreds digit of f(-15)?
2
Suppose -4*b + 1565 = 5*l, 3*b + 792 + 120 = 3*l. Suppose l = n + 2*g, n - g = -0*n + 300. What is the units digit of n?
3
Let q(h) = h**3 - h**2 - 2*h + 5. Let u be q(3). Suppose -5*n + 8 = -u. Suppose 3*m = 3*d - n*d + 128, 4*d - 4*m - 216 = 0. What is the units digit of d?
8
Suppose -5*u + 15 = -y, 0 = 5*y - 5*u + 13 + 62. Let w = 2903 - 3813. What is the units digit of (w/y)/((-8)/(-12))?
1
Let c(z) = 2*z**2 + 70*z - 116. What is the units digit of c(-44)?
6
Suppose 0 = -3*i + 3*a + 1455, 3*i - 7*a - 1449 = -6*a. What is the units digit of i?
2
Suppose 112*k - 13*k = 632115. What is the hundreds digit of k?
3
Suppose 645*r - 955977 = 634*r. What is the ten thousands digit of r?
8
Suppose -y = 4*i - 14224 - 89389, -5*i + 129505 = 5*y. What is the units digit of i?
4
Suppose -2*n = -2*n - 6*n. Suppose n = -2*g + 287 + 17. What is the units digit of g?
2
Let m = -14997 + 30415. What is the hundreds digit of m?
4
Suppose 17*b = 53*b + 108. Let u(a) = -69*a - 90. What is the hundreds digit of u(b)?
1
Let f be (5500/(-8) - 12/8)*20. What is the tens digit of (f/(-40))/((-1 + -2)/(-6))?
8
Let j(t) = 2*t**2 - 2*t + 5. Let z(w) = -w**3 + 7*w**2 - w + 7. Let u be z(7). Let s be j(u). What is the tens digit of (-4)/((-10)/s) + 53?
5
Let m(s) = -s**3 - 2*s**2 - s + 17. Let u be -13 + 1*(-1)/((-4)/20). What is the units digit of m(u)?
9
What is the thousands digit of 256/(-16) + 24833 - -6?
4
Let y(z) = -z**3 + 15*z**2 - 13*z - 15. Let u be y(12). Let d(a) = -22*a - 13. Let j be d(2). Let v = u + j. What is the tens digit of v?
0
Let z = 105 + -102. Suppose z*w = 5*o + 2*w + 1088, 3*w - 1094 = 5*o. Let q = -111 - o. What is the units digit of q?
6
Suppose 0 = -2*f - i + 11, 2*f - i = 3*i - 14. Suppose 22 = -f*w + 40. What is the tens digit of 5 + 4 - w/4*-2?
1
Let d(a) = -207*a + 376. What is the tens digit of d(-18)?
0
Let j(p) = -61*p + 1575. What is the tens digit of j(9)?
2
Suppose 576 = 8*z + 10*z - 72. Suppose 5*f + 4*p - 1 = p, -2*f - 2 = 2*p. What is the tens digit of 1022*f/z + (-4)/(-18)?
5
Suppose 0 = -2*j + 209 + 41. Let q = 41 - j. Let w = q - -138. What is the units digit of w?
4
Let a = 1482 + -119. Suppose 0 = d + 2*j - a, 5*d = j + 5243 + 1572. What is the tens digit of d?
6
Let p(z) = 6*z - 11. Let h be p(0). Let y = -9 - h. Suppose 3*a = 5*m - 85, -107 = -4*m - y*a - 39. What is the tens digit of m?
1
Suppose 2*o = 5*c + o - 22, -c + 4*o = 7. Suppose 5*j + a - 15 = 0, a = c*a. Suppose 3*i - 665 = 2*s, -j*s + 930 + 172 = 5*i. What is the units digit of i?
1
Let u(r) = -5*r + 165. Let p be u(33). Suppose -4*o - 507 + 2015 = p. What is the units digit of o?
7
Let i(j) = 6*j**2 + j. Let t be ((-5)/(-4))/(((-14)/8)/7). Let b(z) = -4*z - 19. Let n be b(t). What is the units digit of i(n)?
7
Suppose -5*u = 2*u + 11907. Let f = 205 - u. What is the thousands digit of f?
1
Suppose 3*d + 46 = -8. What is the tens digit of (-376)/3*d/12?
8
Let g(b) = -8*b**3 + b**2 - 20*b + 11. What is the units digit of g(-6)?
5
Let y(l) = 19*l**3 - 8*l**2 - 54*l + 113. Let f be y(2). Suppose 2*w = -w + 564. Let p = w - f. What is the units digit of p?
3
Let r(c) = -9*c**2 - 12*c + 7. Let j be r(-5). Let b = j - 30. Let x = b - -360. What is the hundreds digit of x?
1
What is the tens digit of (-10)/(-10)*(-6 - -7813)?
0
Suppose -5*r = 4*l - 4032 - 6202, -3*r - 2567 = -l. What is the tens digit of l?
6
Let w be -2 + 0 - (-5 + 9 - 16). What is the hundreds digit of (-27)/(-45) + 5004/w?
5
Suppose 18 = -5*f - 62. Let x be (0 + -4)*(1844/f - -4). Suppose -7*d = 81 - x. What is the tens digit of d?
5
Let r = 520 - 513. Suppose 0*n + r*n = 7028. What is the units digit of n?
4
Let l(k) = -2*k**3 + 24*k**2 - 53*k - 13. Let w be l(9). Let s(p) = 11*p**2 + 6*p - 1. What is the tens digit of s(w)?
5
Let v(z) = -5*z**2 - 6*z + 458. Let m(o) = o**2 + o - 1. Let c(w) = -6*m(w) - v(w). Let x be c(0). What is the hundreds digit of x/2*((-14)/4)/7?
1
What is the thousands digit of (-1330433)/(-174) - (-1)/6*-1?
7
Suppose 0 = 5*v + 857 - 4247. Let f = v + -349. What is the tens digit of f?
2
Let r be (5 - 2) + (-250)/(-1 - 0). Let q = r + 68. Suppose -4*z + q = -5*h, 2*z + 0*z = -3*h + 177. What is the units digit of z?
4
Let o be (-8)/10*6795/(-18). Let x = o + -36. Suppose -m - 2*j + 6*j = -x, 4*m - 1082 = -2*j. What is the units digit of m?
0
Let d be (-40)/8*(-3)/(5 + -2). What is the units digit of 4/d + 581/5 + -1?
6
Suppose 2*b + 2 = -3*y + y, 25 = 3*y - 4*b. Suppose 3*g = 2*w - 1477, -y*w + 2217 = 18*g - 21*g. What is the hundreds digit of w?
7
Let u(z) be the third derivative of 116*z**6/15 - z**5/20 - z**4/12 + z**3/2 + 303*z**2. What is the tens digit of u(1)?
2
Let g(h) = -h**3 + 15*h**2 - 16*h - 12. Let j be g(14). Let m = 114 + j. Let n = 137 - m. What is the tens digit of n?
6
Let s be (2/(-3))/(28/(-4998)). Let m = s + 478. What is the units digit of m?
7
Let f be 81814/57*6/4. Let l = f + -1394. What is the hundreds digit of l?
7
Let h = -5631 - -16475. What is the units digit of h?
4
Let m be 4 + (-3 + 2)*(10 + 1). What is the tens digit of 1/(-63)*m + (-16825)/(-45)?
7
Let u = 257 + -287. Let z be (-2)/(-7) - 850/(-14). Let p = z + u. What is the tens digit of p?
3
Suppose -c - 40535 = -2*n, -4*n - 5*c + 15021 = -66014. What is the thousands digit of n?
0
Let z = 82008 - 18048. What is the hundreds digit of z?
9
Let p be ((-14)/5 - -1)/(39/(-325)). What is the tens digit of p/(-3)*-11*3?
6
Let a(q) = 22*q**2 + 7*q - 31. Let l be a(-11). Suppose 3*t = 5*x - l, -1022 = -4*x + 2*x + t. What is the hundreds digit of x?
5
Suppose -6*g + 8 = -2*g - r, -2*r - 6 = 2*g. Let n be 1076/(-6) - g/(-3). Let d = -97 - n. What is the units digit of d?
2
Suppose -2*u - g + 4492 + 12433 = 0, -2*u - 3*g + 16915 = 0. What is the units digit of u?
5
Suppose -3*n + n - q + 10 = 0, 3*q = 12. Suppose -1107 = -n*v - 0*v. What is the units digit of v?
9
Suppose 4*w - 42 = 118. Let h = -35 + w. Suppose -2*q + 77 = -h*m + 4, 223 = 5*q + m. What is the tens digit of q?
4
What is the tens digit of (-5)/(-1) - (-17325 - 18 - 19)?
6
Let b(r) = 20*r**3 - 7*r**2 - 20*r + 20. What is the thousands digit of b(6)?
3
Let k(z) be the third derivative of z**6